{"id":1409,"date":"2016-09-10T11:06:09","date_gmt":"2016-09-10T11:06:09","guid":{"rendered":"http:\/\/pillar.tommusdemos.wpengine.com\/?page_id=1409"},"modified":"2023-03-08T20:44:18","modified_gmt":"2023-03-08T19:44:18","slug":"open-call","status":"publish","type":"page","link":"https:\/\/naga-art.pl\/?page_id=1409","title":{"rendered":"NAGA Studio \/ Zaj\u0119cia"},"content":{"rendered":"<p>[vc_row][vc_column width=&#8221;1\/2&#8243;][vc_column_text]<\/p>\n<p style=\"padding-left: 80px;\"><span style=\"color: #ff99cc;\"><em><strong>NAGA Studio<\/strong><\/em><\/span><\/p>\n<p class=\"p2\" style=\"padding-left: 80px;\">NAGA Studio to miejsce odkrywania siebie i swojej kreatywno\u015bci w r\u00f3\u017cnych wymiarach. Poprzez stworzenie symultanicznej przestrzeni NAGA Studio, zach\u0119camy przede wszystkim kobiety do wyprawy wg\u0142\u0105b siebie, rozwoju osobistego i artystycznego. Poprzez wyra\u017canie si\u0119 i ws\u0142uchiwanie si\u0119 w siebie, oraz wzajemne wsparcie, poszukujemy, badamy i rozwijamy w\u0142asny potencja\u0142. W tym celu prowadzone s\u0105 r\u00f3\u017cnorodne warsztaty oraz spotkania w Kr\u0119gu Kobiet.<\/p>\n<p class=\"p2\" style=\"padding-left: 80px;\">Prowadzimy tak\u017ce kursy mistrzowskie klasycznego rysunku i malarstwa, kt\u00f3re rozwijaj\u0105 talenty tw\u00f3rcze i kreatywno\u015b\u0107.\u00a0 Kierowane s\u0105 one do amator\u00f3w, pasjonat\u00f3w, artyst\u00f3w, a tak\u017ce przysz\u0142ych student\u00f3w przygotowuj\u0105cych si\u0119 na Akademi\u0119 Sztuk Pi\u0119knych.<\/p>\n<p>[\/vc_column_text][\/vc_column][vc_column width=&#8221;1\/2&#8243;][vc_column_text]<\/p>\n<p>&nbsp;<\/p>\n<p style=\"padding-left: 80px;\"><span style=\"color: #808080;\">\ud83c\uddec\ud83c\udde7 <em>NAGA studio is a place to discover yourself and your creativity in various dimensions. By creating a simultaneous space of\u00a0 NAGA Studio, we encourage women to go deep into each other, personal and artistic development. By expressing and listening to yourself, and mutual support, we look for, examine and develop our own potential. For this purpose, various workshops and meetings in the Women\u2019s Circle are conducted.<\/em><\/span><\/p>\n<p style=\"padding-left: 80px;\"><span style=\"color: #808080;\"><em>We also organize master courses of classic drawing and painting that develop creative talents and creativity. They are addressed to amateurs, enthusiasts, artists, as well as future students preparing for the Academy of Fine Arts.<\/em><\/span><\/p>\n<p>[\/vc_column_text][\/vc_column][\/vc_row][vc_row][vc_column][vc_gallery type=&#8221;image_grid&#8221; images=&#8221;8230,8348,8350,8351,8352,8353,8354&#8243;][vc_row_inner][vc_column_inner][vc_empty_space height=&#8221;64px&#8221;][vc_column_text]<\/p>\n<h3><strong>Obecnie w NAGA Art Gallery prowadzone s\u0105 zaj\u0119cia:\u00a0<\/strong><\/h3>\n<p>[\/vc_column_text][\/vc_column_inner][\/vc_row_inner][\/vc_column][\/vc_row][vc_row][vc_column][vc_masonry_grid post_type=&#8221;post&#8221; max_items=&#8221;5&#8243; grid_id=&#8221;vc_gid:1678304646125-7db80a4c-8836-1&#8243; taxonomies=&#8221;69&#8243;][\/vc_column][\/vc_row]<\/p>\n","protected":false},"excerpt":{"rendered":"<p>[vc_row][vc_column width=&#8221;1\/2&#8243;][vc_column_text] NAGA Studio NAGA Studio to miejsce odkrywania siebie i swojej kreatywno\u015bci w r\u00f3\u017cnych wymiarach. Poprzez stworzenie symultanicznej przestrzeni NAGA Studio, zach\u0119camy przede wszystkim kobiety do wyprawy wg\u0142\u0105b siebie, rozwoju osobistego i artystycznego. Poprzez wyra\u017canie si\u0119 i ws\u0142uchiwanie si\u0119 w siebie, oraz wzajemne wsparcie, poszukujemy, badamy i rozwijamy w\u0142asny potencja\u0142. W tym celu prowadzone [&hellip;]<\/p>\n","protected":false},"author":1,"featured_media":0,"parent":0,"menu_order":0,"comment_status":"closed","ping_status":"closed","template":"","meta":{"footnotes":""},"class_list":["post-1409","page","type-page","status-publish","hentry"],"_links":{"self":[{"href":"https:\/\/naga-art.pl\/index.php?rest_route=\/wp\/v2\/pages\/1409","targetHints":{"allow":["GET"]}}],"collection":[{"href":"https:\/\/naga-art.pl\/index.php?rest_route=\/wp\/v2\/pages"}],"about":[{"href":"https:\/\/naga-art.pl\/index.php?rest_route=\/wp\/v2\/types\/page"}],"author":[{"embeddable":true,"href":"https:\/\/naga-art.pl\/index.php?rest_route=\/wp\/v2\/users\/1"}],"replies":[{"embeddable":true,"href":"https:\/\/naga-art.pl\/index.php?rest_route=%2Fwp%2Fv2%2Fcomments&post=1409"}],"version-history":[{"count":55,"href":"https:\/\/naga-art.pl\/index.php?rest_route=\/wp\/v2\/pages\/1409\/revisions"}],"predecessor-version":[{"id":8420,"href":"https:\/\/naga-art.pl\/index.php?rest_route=\/wp\/v2\/pages\/1409\/revisions\/8420"}],"wp:attachment":[{"href":"https:\/\/naga-art.pl\/index.php?rest_route=%2Fwp%2Fv2%2Fmedia&parent=1409"}],"curies":[{"name":"wp","href":"https:\/\/api.w.org\/{rel}","templated":true}]}}